{"id":2,"date":"2018-09-14T09:28:23","date_gmt":"2018-09-14T09:28:23","guid":{"rendered":"http:\/\/medien.fokusdemenz.ch\/?page_id=2"},"modified":"2020-12-08T15:35:29","modified_gmt":"2020-12-08T15:35:29","slug":"startseite","status":"publish","type":"page","link":"https:\/\/medien.fokusdemenz.ch\/","title":{"rendered":"OER: Montessori-Methoden bei Demenz"},"content":{"rendered":"<p><strong>OER heisst &#171;Freies Schulungsmaterial&#187; (engl. Open Educational Resources)<\/strong><\/p>\n<p>Die Module stehen kostenlos zu deiner Verf\u00fcgung. Du darfst sie auch ver\u00e4ndern und weiterverbreiten, solange du unsere Urheberschaft und allf\u00e4llige Ver\u00e4nderungen angibst sowie das Ergebnis unter der gleichen Lizenz freigibst (Creative Commons CC BY-SA 4.0 Lizenz, siehe unten auf dieser Seite).<\/p>\n<p><img loading=\"lazy\" decoding=\"async\" class=\"alignleft wp-image-97\" src=\"https:\/\/medien.fokusdemenz.ch\/wp-content\/uploads\/2018\/10\/Maximieren-1-300x300.png\" alt=\"\" width=\"20\" height=\"20\" srcset=\"https:\/\/medien.fokusdemenz.ch\/wp-content\/uploads\/2018\/10\/Maximieren-1-300x300.png 300w, https:\/\/medien.fokusdemenz.ch\/wp-content\/uploads\/2018\/10\/Maximieren-1-150x150.png 150w, https:\/\/medien.fokusdemenz.ch\/wp-content\/uploads\/2018\/10\/Maximieren-1-768x768.png 768w, https:\/\/medien.fokusdemenz.ch\/wp-content\/uploads\/2018\/10\/Maximieren-1-100x100.png 100w, https:\/\/medien.fokusdemenz.ch\/wp-content\/uploads\/2018\/10\/Maximieren-1.png 980w\" sizes=\"auto, (max-width: 20px) 100vw, 20px\" \/><\/p>\n<p><strong>Starte ein Modul<\/strong>, indem du auf das Zeichen zum Maximieren in der rechten unteren Ecke klickst. <strong>Zur n\u00e4chsten Folie<\/strong> kommst du am Tablet\/Smartphone mit Wischen, am Computer mit der Pfeil- oder PgDn-Taste.<\/p>\n<p>In den einzelnen Modulen sind immer wieder Aufgaben eingef\u00fcgt. Bei diesen ist es entscheidend, sie aus der Erinnerung zu l\u00f6sen, ohne auf fr\u00fchere Folien oder andere Informationsquellen zur\u00fcckzugreifen. Dies nennen wir <strong>aktives<\/strong> <strong>Erinnern<\/strong>. Es ist eines der wichtigsten Elemente f\u00fcr einen erfolgreichen Lernprozess.<\/p>\n<h5>FOLIEN 1.1\u00a0 \u00a0MONTESSORI-Methoden f\u00fcr Personen mit Demenz<div class=\"h5p-iframe-wrapper\"><iframe id=\"h5p-iframe-3\" class=\"h5p-iframe\" data-content-id=\"3\" style=\"height:1px\" src=\"about:blank\" frameBorder=\"0\" scrolling=\"no\" title=\"Montessori-Methode f\u00fcr Personen mit Demenz\"><\/iframe><\/div><\/h5>\n<h5>FOLIEN 1.2\u00a0 \u00a0MONTESSORI-Prinzipien Bei\u00a0Demenz 1-5 <div class=\"h5p-iframe-wrapper\"><iframe id=\"h5p-iframe-7\" class=\"h5p-iframe\" data-content-id=\"7\" style=\"height:1px\" src=\"about:blank\" frameBorder=\"0\" scrolling=\"no\" title=\"Montessori-Prinzipien f\u00fcr Personen mit Demenz - Teil 1\"><\/iframe><\/div><\/h5>\n<h5>FOLIEN 1.3\u00a0 \u00a0MONTESSORI-Prinzipien Bei\u00a0Demenz 6-12 <div class=\"h5p-iframe-wrapper\"><iframe id=\"h5p-iframe-8\" class=\"h5p-iframe\" data-content-id=\"8\" style=\"height:1px\" src=\"about:blank\" frameBorder=\"0\" scrolling=\"no\" title=\"Montessori-Prinzipien f\u00fcr Personen mit Demenz - Teil 2\"><\/iframe><\/div><\/h5>\n<h5>FOLIEN 1.4\u00a0 \u00a0Maria Montessori als Inspiration<em style=\"font-size: 0.8125rem; letter-spacing: 0.15em;\"><div class=\"h5p-iframe-wrapper\"><iframe id=\"h5p-iframe-2\" class=\"h5p-iframe\" data-content-id=\"2\" style=\"height:1px\" src=\"about:blank\" frameBorder=\"0\" scrolling=\"no\" title=\"Maria Montessori als Inspiration\"><\/iframe><\/div><\/em><\/h5>\n<h5>FOLIEN 1.5\u00a0 \u00a0MONTESSORI-PRAXIS F\u00dcr kINDER<div class=\"h5p-iframe-wrapper\"><iframe id=\"h5p-iframe-4\" class=\"h5p-iframe\" data-content-id=\"4\" style=\"height:1px\" src=\"about:blank\" frameBorder=\"0\" scrolling=\"no\" title=\"Montessori-Praxis f\u00fcr Kinder\"><\/iframe><\/div><\/h5>\n<h5>FOLIEN 2.1\u00a0 \u00a0Bio-Medizinisches und erlebensbezogenes Demenzmodell nach G. allen power <div class=\"h5p-iframe-wrapper\"><iframe id=\"h5p-iframe-5\" class=\"h5p-iframe\" data-content-id=\"5\" style=\"height:1px\" src=\"about:blank\" frameBorder=\"0\" scrolling=\"no\" title=\"Ein neues Demenzmodell\"><\/iframe><\/div><\/h5>\n<h5>FOLIEN 2.2\u00a0 \u00a0ERINNERN UND LERNEN <div class=\"h5p-iframe-wrapper\"><iframe id=\"h5p-iframe-9\" class=\"h5p-iframe\" data-content-id=\"9\" style=\"height:1px\" src=\"about:blank\" frameBorder=\"0\" scrolling=\"no\" title=\"Erinnern und Lernen\"><\/iframe><\/div><\/h5>\n<p><strong>Lizenz<br \/>\n<\/strong><em>Frei bedeutet kostenlos und frei verf\u00fcgbar im Rahmen der Creative Commons CC BY-SA 4.0 Lizenz.\u00a0\u00a0Genaueres zur Lizenz findest du unter diesem Link:<br \/>\n<a href=\"https:\/\/creativecommons.org\/licenses\/by-sa\/4.0\/deed.de\">https:\/\/creativecommons.org\/licenses\/by-sa\/4.0\/deed.de .<\/a><\/em><\/p>\n<p><img loading=\"lazy\" decoding=\"async\" class=\"alignnone wp-image-87 size-full\" src=\"https:\/\/medien.fokusdemenz.ch\/wp-content\/uploads\/2018\/10\/Logo-CC-BY-SA_88x31.png\" alt=\"\" width=\"88\" height=\"31\" \/><\/p>\n<p><em>Soweit wie m\u00f6glich verwenden wir in unserem Schulungsmaterial Bilder, Video- und Tondokumente, deren Urheberrechte wir innehaben oder die zur Wiederverwendung gekennzeichnet sind. Wo dies nicht der Fall ist, haben wir die Rechteinhaber gesucht und die Quelle angegeben. In einigen F\u00e4llen war es leider nicht m\u00f6glich, Quelle und Rechteinhaber festzustellen. Falls wir mit der Verwendung des Materials jemandes Rechte verletzt haben, geschah dies nicht in b\u00f6ser Absicht; wir werden auf entsprechenden Hinweis das betreffende Material umgehend entfernen.<\/em><\/p>\n<h5><em style=\"font-size: 0.8125rem; letter-spacing: 0.15em;\">\u00a0 \u00a0 \u00a0 \u00a0 \u00a0 \u00a0 \u00a0 \u00a0 \u00a0 \u00a0 \u00a0 \u00a0 \u00a0 \u00a0 \u00a0 \u00a0 \u00a0 \u00a0 \u00a0 \u00a0 \u00a0 \u00a0 \u00a0 \u00a0 \u00a0 \u00a0 \u00a0 \u00a0 \u00a0 \u00a0 \u00a0 \u00a0 \u00a0 \u00a0 \u00a0 \u00a0 \u00a0 \u00a0 \u00a0 \u00a0 \u00a0 \u00a0 \u00a0 \u00a0 \u00a0 \u00a0 \u00a0 \u00a0 \u00a0 \u00a0 \u00a0 \u00a0 \u00a0 \u00a0 \u00a0 \u00a0 \u00a0 \u00a0 \u00a0 \u00a0 \u00a0 \u00a0 \u00a0 \u00a0 \u00a0<\/em><\/h5>\n","protected":false},"excerpt":{"rendered":"<p>OER heisst &#171;Freies Schulungsmaterial&#187; (engl. Open Educational Resources) Die Module stehen kostenlos zu deiner Verf\u00fcgung. Du darfst sie auch ver\u00e4ndern und weiterverbreiten, solange du unsere Urheberschaft und allf\u00e4llige Ver\u00e4nderungen angibst sowie das Ergebnis unter der gleichen Lizenz freigibst (Creative Commons CC BY-SA 4.0 Lizenz, siehe unten auf dieser Seite). Starte ein Modul, indem du auf &hellip; <a href=\"https:\/\/medien.fokusdemenz.ch\/\" class=\"more-link\"><span class=\"screen-reader-text\">OER: Montessori-Methoden bei Demenz<\/span> weiterlesen<\/a><\/p>\n","protected":false},"author":1,"featured_media":28,"parent":0,"menu_order":0,"comment_status":"open","ping_status":"closed","template":"","meta":{"footnotes":""},"class_list":["post-2","page","type-page","status-publish","has-post-thumbnail","hentry"],"_links":{"self":[{"href":"https:\/\/medien.fokusdemenz.ch\/index.php\/wp-json\/wp\/v2\/pages\/2","targetHints":{"allow":["GET"]}}],"collection":[{"href":"https:\/\/medien.fokusdemenz.ch\/index.php\/wp-json\/wp\/v2\/pages"}],"about":[{"href":"https:\/\/medien.fokusdemenz.ch\/index.php\/wp-json\/wp\/v2\/types\/page"}],"author":[{"embeddable":true,"href":"https:\/\/medien.fokusdemenz.ch\/index.php\/wp-json\/wp\/v2\/users\/1"}],"replies":[{"embeddable":true,"href":"https:\/\/medien.fokusdemenz.ch\/index.php\/wp-json\/wp\/v2\/comments?post=2"}],"version-history":[{"count":63,"href":"https:\/\/medien.fokusdemenz.ch\/index.php\/wp-json\/wp\/v2\/pages\/2\/revisions"}],"predecessor-version":[{"id":135,"href":"https:\/\/medien.fokusdemenz.ch\/index.php\/wp-json\/wp\/v2\/pages\/2\/revisions\/135"}],"wp:featuredmedia":[{"embeddable":true,"href":"https:\/\/medien.fokusdemenz.ch\/index.php\/wp-json\/wp\/v2\/media\/28"}],"wp:attachment":[{"href":"https:\/\/medien.fokusdemenz.ch\/index.php\/wp-json\/wp\/v2\/media?parent=2"}],"curies":[{"name":"wp","href":"https:\/\/api.w.org\/{rel}","templated":true}]}}